 + -222. Calculate the remainder when i is divided by 35.
12
Suppose u = -v + 316, -2*v + 5*u + 4560 = 3844. Suppose 0 = b + 3*m - 27, 0 = -3*b + m + 19 + 82. What is the remainder when v is divided by b?
31
Let r(h) be the second derivative of -h**5/20 + 5*h**4/12 + 13*h**3/6 + 9*h**2/2 - h + 3. Calculate the remainder when r(6) is divided by 15.
6
Suppose -1075 + 1102 = 9*m. Suppose m*l - 64 - 8 = 0. Calculate the remainder when 35 is divided by l.
11
Suppose 2160 = -q - 5*q. Suppose 2*t - 21 = 1. Calculate the remainder when (q/(-16))/(6/8) is divided by t.
8
Let r be 740/(-70) + 11 + 137/7. Let h(c) = c**3 - 17*c**2 - 58*c - 9. What is the remainder when 94 is divided by h(r)?
1
Calculate the remainder when (-293496)/(-15) + 135/225 is divided by 16.
15
Let o(r) = -r**3 + 3*r**2 + 140*r - 9. What is the remainder when o(-11) is divided by 114?
31
Suppose 125*j - 118*j - 91 = 0. Let v be 2*(2 + 3 + -4). Suppose -42 = -4*t - v*t. Calculate the remainder when j is divided by t.
6
Suppose -393*i - 5*f = -396*i + 83, -4*f = -i + 37. Calculate the remainder when 7348 is divided by i.
19
Suppose 879 = 23*x - 64. Suppose -2*k - 8 = 2*k. Calculate the remainder when x is divided by (-1)/k*(-5 + 27).
8
Let p(a) = 2*a**2 + 9*a + 120. What is the remainder when p(-11) is divided by 100?
63
Suppose -5*u - 26*z = -30*z - 473, 0 = 5*u + 5*z - 455. Suppose -27 = -2*p + 1. Calculate the remainder when u is divided by p.
9
Let n = -257 - -262. What is the remainder when ((-630)/25)/(-9)*n is divided by 4?
2
Suppose -2*k + 5*g = -122, 21*k = 17*k - 5*g + 214. Calculate the remainder when 185 is divided by k.
17
Let f(g) = -g**3 - 20*g**2 - 147*g - 274. What is the remainder when f(-17) is divided by 31?
25
Calculate the remainder when 1019 is divided by (510/136)/((-1)/(-4)).
14
Let l = -3158 - -3273. What is the remainder when l is divided by 14?
3
Let x(f) = f**3 - 69*f**2 - 126*f - 474. What is the remainder when x(71) is divided by 35?
32
Let s = 94 - 83. Suppose -84 + 512 = 4*i. Calculate the remainder when i is divided by s.
8
Let y = 1107 + -444. Suppose 0 = -4*o - z + y, -3 = 5*z - 2*z. Suppose -29 = -5*b + o. Calculate the remainder when b is divided by 14.
11
Let y be ((-12)/(-18))/(-2 - (-32)/12). Let b(w) = 70*w**3 - 2*w**2 + 2*w - 1. Calculate the remainder when b(y) is divided by 9.
6
What is the remainder when 8886 is divided by (1*(-1)/7)/(68/(-48076))?
99
Suppose 0 = -3*x + i - 13, x + 6 + 1 = i. What is the remainder when x + (3 - 2 - -136) is divided by 45?
44
Let q(j) = 56*j**3 - 16*j**2 + 21*j - 21. Suppose k + 940 = 4*b, 0 = 2*b + 3*k - 386 - 70. Calculate the remainder when b is divided by q(1).
34
Suppose 45*a = -5*r + 41*a + 585, -5*r - a + 585 = 0. Let q(g) = -g**3 - g**2 + 4*g + 1. What is the remainder when r is divided by q(-3)?
5
Suppose -q + 20 = 4*q. Suppose -2*m - 4 + 8 = 0. Calculate the remainder when (12/(-8))/((-1)/q) is divided by m.
0
Let n(u) = 20*u - 20*u**2 + 6*u**2 - 19 - 4*u**3 + 3*u**3. Let r = 2400 - 2416. What is the remainder when n(r) is divided by 44?
41
Let t(q) = 87*q**2 + 118*q + 355. What is the remainder when t(-3) is divided by 6?
4
Let c = -112 + 301. Suppose -4*m - c = 87. What is the remainder when 3/2*m*(-8)/36 is divided by 12?
11
Suppose 5*l - 2*o - 179 = 118, 3*l = o + 178. Let f = -121 + 250. Suppose 20*m = 449 - f. Calculate the remainder when l is divided by m.
11
Suppose -68 = -5*x + x. Let s = x - -14. Suppose 122 + 259 = 89*w - 598. Calculate the remainder when s is divided by w.
9
Let x(h) = -h + 40*h**2 + 6 - 4 - 2*h. Let k be x(1). Suppose -z = -k + 5. Calculate the remainder when 65 is divided by z.
31
Let w be (2 + 0)*(71 + -72). Calculate the remainder when 149 is divided by (-38)/19*((-22)/4 + w).
14
Suppose -54348 = -1134*c + 1120*c. What is the remainder when c is divided by 21?
18
Suppose 669 - 673 = 4*q. Calculate the remainder when q + ((-6)/(-24) - (-334)/8) is divided by 16.
9
Let c = -1354 - -1559. What is the remainder when c is divided by 36?
25
Suppose -12065 - 15074 = -116*h + 20885. Calculate the remainder when h is divided by 79.
19
Let j(s) = s**2 + 18*s - 1383. What is the remainder when 1926 is divided by j(31)?
22
Suppose 5*s + g = -4, 3*s - 3*g = -2*g - 4. Suppose 0 = 2*d + v, -3*v - 12 = -4*d + 8. Calculate the remainder when -1*(5 - 0)/s is divided by d.
1
Suppose -j - 664 = -384*a + 381*a, -4 = j. Calculate the remainder when 791 is divided by a.
131
Suppose -3*z = -9, 11*z = 4*c + 12*z - 51. Let w be 2/(-8) - 186/(-8). Suppose -w = -2*x - 9. What is the remainder when c is divided by x?
5
Let i(w) = 18*w**2 - 29*w + 29. Let p(k) = -3*k + 15. Calculate the remainder when i(2) is divided by p(0).
13
Let r = -151 + 190. What is the remainder when 95 is divided by r?
17
Calculate the remainder when 498 is divided by (-432)/(-144)*(-107)/(-3).
70
Suppose -5*m = -318 - 112. Let p = m - 52. Suppose 2*l - p = l. What is the remainder when 201 is divided by l?
31
Let z = -46 - -58. Let w be -1*(-2 + z/(-4)). Suppose 0 = -w*y - 4 + 134. Calculate the remainder when y is divided by 14.
12
Suppose -168 - 69 = -u - 3*f, 1157 = 5*u + f. Calculate the remainder when u is divided by 48.
39
Let c(y) = 72*y - 2128. Calculate the remainder when 186 is divided by c(30).
26
Let k(l) = -11*l - 12. Let z be k(-7). Let a = z + -61. Suppose a*r = -8 + 16. What is the remainder when 8 is divided by r?
0
Let p(o) = o**3 + 5*o**2 - 7*o - 5. Let u(t) = -35*t - 25. Calculate the remainder when u(-4) is divided by p(-5).
25
Let l(z) = -29*z**3 - 201*z**2 + 12*z + 30. What is the remainder when 310 is divided by l(-7)?
2
Suppose 3*k = 8*k - 55. Let w = 13 + k. What is the remainder when 226/2 - (12 + -16) is divided by w?
21
Suppose -8*z = -17*z + 1050 - 285. Calculate the remainder when z is divided by 20.
5
Suppose 3*r - 3*t = -54 + 93, 0 = -2*r - 3*t + 41. Suppose -2*m = 5*m - 6034. What is the remainder when m is divided by r?
14
Let g(v) = 3*v**3 - 6*v**2 - 4*v + 35. Let b be g(6). Let r = -400 + b. Calculate the remainder when r is divided by 31.
12
Let t = -330 + 333. Suppose 3*u + 2*u = 70. Let j = -4 + u. What is the remainder when j is divided by t?
1
Suppose g + 36 = -2*v + 6*v, -4*g - 228 = 5*v. Let u = -10 - g. Calculate the remainder when u is divided by 24.
18
Suppose -2*t - 2*l - 10 = 2*l, 0 = -2*l - 2. Let w(x) = -30*x - 35. What is the remainder when w(t) is divided by 8?
7
Let b(q) = -q**2 - 25*q + 96. Let v be b(-32). Let o = v - -137. Suppose 0*n = 3*n - 66. What is the remainder when n is divided by o?
4
Suppose -2*w + 228 = 17*w. Let r(q) = -q**2 + 18*q - 42. Calculate the remainder when 142 is divided by r(w).
22
Let x(y) = -5*y - 1. Let g be x(-1). Let z = 2739 - 2737. Suppose 23 = z*l + v - 73, 0 = 2*v + g. Calculate the remainder when l is divided by 13.
10
Let x(l) = -l**3 + 10*l**2 - 6*l - 13. Suppose 3*p = 2*k + 19, 5 = 5*k - 15. Let m = -110 - -219. Calculate the remainder when m is divided by x(p).
11
Suppose -g + 0*k + 37 = -5*k, -53 = -2*g + 3*k. Let v = -410 + 419. What is the remainder when g is divided by v?
4
Let g(o) = o + 7. Let u be g(-6). Let h(n) = 23*n**3 - n**2 + 1. Suppose 90*c + 639 - 1115 = 1161 - 197. Calculate the remainder when h(u) is divided by c.
7
Let w = -5 + 14. Let r = 309 - 307. Suppose 3*p - s - 132 = 80, s = -r*p + 133. What is the remainder when p is divided by w?
6
Let y = -15 - -22. Calculate the remainder when (11 - (-1 + -76))/(4 - 2) is divided by y.
2
Let s = 245 + -75. Calculate the remainder when s is divided by ((-215)/(-4))/(-2*(-5)/8).
41
Suppose 0 = -4*z - 7*d + 5*d + 30, 0 = -5*z + d + 55. Suppose z*c - 180 = 230. What is the remainder when c is divided by 14?
13
Let m = -1029 + 1541. What is the remainder when m is divided by (-14 - -11) + 272/(-16) + 77?
56
Suppose 0 = 2*o + 12*o - 4830. Let j = -313 + o. What is the remainder when 145 is divided by j?
17
Let q(n) = -n**3 + 7*n**2 + n - 11. Let c be q(7). Let b be 5 - (-40)/c - -20. What is the remainder when 73 is divided by 12/(-3) - (-4 + 0 - b)?
13
Let b = -17119 + 18435. What is the remainder when b is divided by 224?
196
Let n be 7/((-84)/6)*(4 - 2). What is the remainder when ((-6)/(-9))/(n/(-129)) is divided by 25?
11
Let w = 349 + 481. Let a = w + -637.